+ 976. What is the tens digit of u?
2
Suppose m + 18 = -75. Let g = m + 97. What is the units digit of g?
4
Let u = 48080 - -24593. What is the hundreds digit of u?
6
Let q = -121 - -81. Suppose -5*s + 273 = -3*y, -4*s + 52 = -3*s + 2*y. Let b = q + s. What is the tens digit of b?
1
Let m = 40365 - 23635. What is the hundreds digit of m?
7
Suppose -701 = 38*y + 439. What is the tens digit of ((-2904)/20)/(192/y - -6)?
6
Let f be (0/3 - (-20 + 10))/2. Suppose 0 = f*u + 5*s - 110, -3*u = u - s - 108. What is the units digit of u?
6
Let b be ((-37)/(-3) + 3)*(-21)/(-7). Suppose 28032 = -b*m + 100896. What is the tens digit of m?
8
Suppose 0 = 6*i - i - 3*s - 237894, -5*s = -3*i + 142714. What is the hundreds digit of i?
5
Let o = -24 + 24. Suppose -2*g - 3*v = 3*g - 15, 5*v = o. Suppose 602 = 4*r - 2*j, g*r - 439 = -0*r - j. What is the tens digit of r?
4
Let s(i) = -200*i**3 + 8*i**2 + 8*i + 17. What is the units digit of s(-3)?
5
Let c be -1 - -2 - (-8 - -10). Let v = c + 186. What is the hundreds digit of v?
1
Suppose 0 = 38*u - 96903 - 61595. What is the hundreds digit of u?
1
Suppose 2*o = 4 + 4. Let u be (110/(-4))/((-2)/o). What is the tens digit of (-1)/(-5) + 5269/u?
9
Suppose 37 = -5*q + 57. Suppose 4*i + 664 = 4*u, -3*u + q*u - 169 = -2*i. What is the hundreds digit of u?
1
Let h = 35483 - 3169. What is the hundreds digit of h?
3
Let y(z) be the first derivative of 67*z**2 + 38*z + 24. What is the hundreds digit of y(4)?
5
Let z be (34 - 42)/(2/(-4)). Suppose 12*r - 4*r - z = 0. Suppose -794 = -4*t - r*i, 0*t + 990 = 5*t + 3*i. What is the hundreds digit of t?
2
Let o be ((-1120)/16)/(0 + -1). Suppose -2*g = -4*n - 7*g + o, -2*n + 38 = g. What is the units digit of -10*261/12*n/(-25)?
4
Let g(x) = 2*x - 9. Let v be g(7). Suppose 947 = 5*s + v*z - 1383, -4*s - z + 1879 = 0. What is the tens digit of s?
7
Let n be 12*9/(-72)*-36. What is the units digit of 49126/87*n/21?
2
Let g(m) = 2*m**2 + 6*m + 8. Let b be g(-2). Suppose 0 = d + b*d + 575. Let w = 172 + d. What is the units digit of w?
7
Suppose 30 = 76*g - 70*g. Suppose 8*k - 2045 = 3*k + g*s, -2*k - s = -824. What is the hundreds digit of k?
4
Suppose -360*g + 3385551 = -313*g. What is the hundreds digit of g?
0
What is the thousands digit of -12*((-2)/10 - 785434/255)?
6
Let s(y) = y**3 + 88*y**2 - 103*y - 738. What is the hundreds digit of s(-89)?
5
What is the ten thousands digit of (2 + 2 + -6)*602220/(-120)?
1
Let x = 34973 - -807. What is the ten thousands digit of x?
3
Let g(c) = c**3 + 8*c**2 - 15*c - 11. Suppose 0 = -l - 2*y - 1, -y + 4 = 0. Let n be g(l). Suppose 0 = -38*o + n*o - 945. What is the units digit of o?
9
Let q = 80 + -79. What is the units digit of (q - 346/4)*-6?
3
Let m be ((-338)/6)/(1/3). Suppose 0 = -55*r + 47*r - 712. Let l = r - m. What is the tens digit of l?
8
Let x = -171 - 81. Let o = -42 - x. Suppose -o = 5*t - 12*t. What is the units digit of t?
0
Let s be (-17812)/(-8) - 1 - 2/4. Suppose u - 2*h - 473 = 0, -5*u - h + 96 = -s. Suppose 8*a = 9*a + 5, -4*t + u = -5*a. What is the hundreds digit of t?
1
What is the hundreds digit of (-342)/144 - -2 - (-483417)/24?
1
Let q(l) = -l**3 - 3*l**2 + 6*l + 18. Let d be q(-9). Let v = 145 + -142. Suppose 2*t - 460 = v*u - 8*u, 4*t = -5*u + d. What is the units digit of u?
4
Suppose 0 = p - 24 + 6. Let v = -20 + p. What is the hundreds digit of ((-6)/(-12))/(v/(-612))?
1
Let y be 6 + (3 + -2 - -2). Let q(r) = y*r**2 + 7*r + 42*r**3 - 43*r**3 + 2*r**2 + 4*r**2 - 27. What is the units digit of q(15)?
8
Suppose -14 = -5*g + 26. Suppose g = -5*q + 13. What is the hundreds digit of (89 - -18)/((-1 - -2)/q)?
1
Let q be (10/(-3) + 2)/((-11)/33). Let u(f) = 2*f**3 + 7*f**2 - 17. Let t be u(q). Suppose -5*i + 87 = -t. What is the tens digit of i?
6
Suppose -4*t - 7*n + 95 = -6*n, t + 4*n = 5. Let y = t - 22. Suppose -607 = -5*x + 3*k - 6*k, 0 = x + y*k - 119. What is the tens digit of x?
2
Let s(i) = -2*i**2 + 6*i + 3. Let k be s(5). Let x = k - -45. Suppose 3*j - 110 - x = 0. What is the units digit of j?
6
Let c be ((-161)/(-3))/(4/12). What is the thousands digit of 14/c - 95396/(-92)?
1
Suppose -6 = -0*j - 6*j. Let h(n) = 24*n**2 + n. Let a be h(j). Suppose -4*o + a - 6 = 5*v, -4*v + 24 = o. What is the units digit of v?
7
Let l(y) = -y**3 + 5*y**2 + 16*y - 16. Let j be l(6). Suppose -6540 = -j*o + 34*o. What is the tens digit of o?
5
Suppose -2*u - 2*y - 3 = -1, y + 3 = 0. Suppose x + 5*w = 2157, -x - w = u*x - 6513. What is the units digit of (-4)/(-14) - x/(-42)?
2
Let d = -38624 + 60126. What is the ten thousands digit of d?
2
Suppose 3*v - 221 = -224. What is the tens digit of v + ((-95)/(-6 - -1) - 1)?
1
Let j be ((-62)/6)/(7/(-21)). Let b(q) = -q**3 - 7*q**2 + 14*q - 8. Let f be b(-10). Let s = f - j. What is the units digit of s?
1
Suppose 0*q = -4*q + 12. Suppose -o + x = -6*o + 888, q*x + 184 = o. Let c = o + -77. What is the units digit of c?
1
Suppose 0 = -11*o - 4 - 7. Let m(g) = 351*g**2 + 6*g + 7. Let r be m(o). Let b = 536 - r. What is the hundreds digit of b?
1
Suppose 2*s - 4*r - 7296 = 0, 870*r = -3*s + 869*r + 10972. What is the hundreds digit of s?
6
Let a be 2 - 0 - (-2 - (-4 - -1)). Let k be (7 - 7)/(-3*a). Suppose k = -5*r + 3*z - 0*z + 306, -190 = -3*r + 5*z. What is the tens digit of r?
6
Let s(o) = 11130*o + 4671. What is the tens digit of s(6)?
5
Let y be 128*(-3 + (-1 - -2)). What is the units digit of 36*(-4 + y/(-12))?
4
What is the units digit of (1/(1 + -2))/(((-64)/(-47138))/(-32))?
9
Let k be -5*(-1)/(6/(-3) + 3). Suppose 0 = -2*c - 4*n + 1352, k*n - 119 - 1234 = -2*c. What is the units digit of c?
4
Suppose 75*v + 3969 = 82*v. Let i = v - -80. What is the hundreds digit of i?
6
Suppose 0 = 25*r - 21*r + 8, -4*r + 8869 = 3*u. What is the tens digit of u?
5
Let m(k) = k**2 - 4*k + 61. Let d be (-2 + 2)/(-3 + 5). Suppose 10*q - 2*q = d. What is the tens digit of m(q)?
6
Suppose 0 = -4*d - 4*c + 198388, 319*c + 5 = 314*c. What is the tens digit of d?
9
Let a be (-1)/(8/(-32))*1. Suppose -6*n + 3317 = -3*n + 2*h, -5543 = -5*n + a*h. What is the thousands digit of n?
1
What is the tens digit of 16610/5 - 93/(-62)*(-4)/(-6)?
2
Let l(m) = m**3 - 4*m**2 + 3*m - 7. Let f(s) = 5*s**2 - 7*s + 6*s - 13*s**2 + s**3 + 14. Let i be f(8). What is the tens digit of l(i)?
8
Let s be 1/6*52 - 14/21. Let w(u) = 5*u + 28. What is the tens digit of w(s)?
6
Suppose -22*p = -20*p - 2. Let a be 2*p + 1060/5. Suppose -2*k + a = 50. What is the units digit of k?
2
Suppose 16 = 2*k - 12. Suppose -v + 0*c + 12 = 4*c, -3*v + k = c. Suppose -27 = v*i - 199. What is the tens digit of i?
4
Suppose 15*g - 9*g = -558. Let y = g + 445. What is the tens digit of y?
5
Suppose -5*d + 4*i = -4*d + 225, -4*i - 800 = 4*d. What is the units digit of 4 - (-1)/((-5)/d)?
5
Suppose 73222 + 163898 = 9*h + 10*h. What is the tens digit of h?
8
Let b(w) = w**3 + 12*w**2 - 10*w + 18. Let o be b(-13). Let s be 3/o - (-2880)/21. Let i = s + -53. What is the units digit of i?
4
Suppose 0 = 3*h - 5*p - 130613, 0 = 5*h + 2458*p - 2463*p - 217715. What is the ten thousands digit of h?
4
Let q(y) = -4*y**2 - 283*y + 337. What is the thousands digit of q(-53)?
4
Suppose -b - 6 = -9. Suppose -2*w - 290 = -5*w + 5*y, b*w = -4*y + 281. What is the units digit of w?
5
Let g(h) be the second derivative of 2*h**3/3 + 19*h**2/2 + 4*h. Suppose 5*x - 4*k = -0*k + 29, 5*x = 3*k + 28. What is the tens digit of g(x)?
3
Let v be ((-4)/(-6))/(8/(-36)) + 12. Let w be (-42)/(-10) + ((-9)/(-5) - 2). What is the units digit of v/(81/84)*87/w?
3
Let q(r) = r**2 - 8*r - 100. Let s be q(-7). Suppose 2*m = g - 806, -s*m = -2*g - 3*g + 4050. What is the tens digit of g?
1
Let f(n) = -n**2 + 15*n + 129. Let g be f(21). Suppose 3*w + g*d - 281 = 1411, -4*d = 5*w - 2823. What is the tens digit of w?
6
Let y(d) = 2*d**3 + 28*d**2 + 32*d + 24. What is the units digit of y(9)?
8
Let s(k) = k**3 + 8*k**2 - 4. Let c be s(-8). What is the units digit of (c + 3 - -6) + (1 - -279)?
5
Let o(v) = 2*v**2 - 48*v + 1. Let i be o(22). Let y = -81 - i. Suppose 0 = y*a - 12*a + 552. What is the units digit of a?
2
Let r be (-28)/4 - (-5 + -2). Suppose o + 4*v - 548 = r, 1661 = 5*o + 3*v - 1113. What is the hundreds digit of o?
5
Suppose 41*q - 37*q - 34494 - 35786 = 0. What